{"id":35,"date":"2014-02-05T18:15:49","date_gmt":"2014-02-05T16:15:49","guid":{"rendered":"http:\/\/www.scholze-simmel.at\/starbus\/ws8\/?page_id=35"},"modified":"2014-09-20T12:31:52","modified_gmt":"2014-09-20T10:31:52","slug":"program","status":"publish","type":"page","link":"http:\/\/www.scholze-simmel.at\/starbus\/ws8\/","title":{"rendered":"Program"},"content":{"rendered":"<p><span style=\"color: #ff0000;\"><strong>PROGRAM<\/strong><span style=\"color: #000000;\"> (<a href=\"http:\/\/www.scholze-simmel.at\/starbus\/ws8\/wp-content\/uploads\/2014\/02\/program_for_printing.pdf\">Printable version<\/a>)<\/span><strong><br \/>\n<\/strong><\/span><\/p>\n<p><strong><span style=\"color: #ff0000;\">09.00<\/span> <\/strong><\/p>\n<p><strong>Welcome on behalf of John v. Neumann Computer Society<\/strong><br \/>\n<em>Istvan Alfoldi, Managing Director<\/em><\/p>\n<p><strong>Welcome on behalf of the National Council for Telecommunication and Informatics<\/strong><br \/>\n<em>Albert Biro, Chairman of the Advisory Board\u00a0<\/em><\/p>\n<p><strong>Opening and Setting the Scene<\/strong><br \/>\n<em>Plamen Nedkov, Conference Moderator<\/em><\/p>\n<p><span style=\"text-decoration: underline;\">Keynote:<\/span> <a title=\"Abstracts\" href=\"http:\/\/www.scholze-simmel.at\/starbus\/ws8\/?page_id=68#keynote\"><strong>60s and Early 70s \u2013 Eastern European Cooperation in Computing<\/strong><\/a> &#8211; <a href=\"http:\/\/www.scholze-simmel.at\/starbus\/ws8\/wp-content\/uploads\/2014\/02\/BSendov.pdf\">Slides<\/a><br \/>\n<em>Blagovest Sendov<\/em><\/p>\n<p><span style=\"color: #ff0000;\"><strong>09.30 \u2013 10:30<\/strong><\/span><\/p>\n<p><span style=\"text-decoration: underline;\">Soviet Union:<\/span> <a title=\"Abstracts\" href=\"http:\/\/www.scholze-simmel.at\/starbus\/ws8\/?page_id=68#ussr\"><strong>First Computers and Evolution of Cybernetics<\/strong><\/a> &#8211; <a href=\"http:\/\/www.scholze-simmel.at\/starbus\/ws8\/wp-content\/uploads\/2014\/02\/USSR_First_Computers.pdf\">Slides<\/a><br \/>\n<em>Vladimir Kitov<\/em><\/p>\n<p><span style=\"text-decoration: underline;\">Yugoslavia:<\/span> <a title=\"Abstracts\" href=\"http:\/\/www.scholze-simmel.at\/starbus\/ws8\/?page_id=68#yugoslavia\"><strong>History of Computing in the West Balkan Countries<\/strong><\/a><br \/>\n<em>Franci Pivec, Marijan Frkovic, Niko Schlamberger<\/em><\/p>\n<p><span style=\"color: #ff0000;\"><em>Coffee break<\/em><\/span><\/p>\n<p><span style=\"color: #ff0000;\"><strong>11:00 \u2013 13:00<\/strong><\/span><\/p>\n<p><a title=\"Abstracts\" href=\"http:\/\/www.scholze-simmel.at\/starbus\/ws8\/?page_id=68#museums\"><strong>The Museum of Computer History &#8211; Teaching Support for Computer Organization Subjects<\/strong><\/a> &#8211; <a href=\"http:\/\/www.scholze-simmel.at\/starbus\/ws8\/wp-content\/uploads\/2014\/02\/Museum_of_Computer_History.pdf\">Slides<\/a><br \/>\n<em>Ana Pont Sanju\u00e1n, Antonio Robles Mart\u00ednez, Xavier Molero Prieto, Milagros Mart\u00ednez D\u00edaz<\/em><\/p>\n<p><a title=\"Abstracts\" href=\"http:\/\/www.scholze-simmel.at\/starbus\/ws8\/?page_id=68#museum\"><strong>History and Highlights of a Computer Museum<\/strong><\/a>\u00a0 &#8211; <a href=\"http:\/\/www.scholze-simmel.at\/starbus\/ws8\/wp-content\/uploads\/2014\/02\/History_Highlight_Computer_Museum.pdf\">Slides<\/a><br \/>\n<em>Istvan Alfoldi, Mihaly Bohus, Daniel Muszka<\/em><\/p>\n<p><em>[Guided tour, Szeged Museum]<\/em><\/p>\n<p><span style=\"color: #ff0000;\"><em>Lunch break<\/em><\/span><\/p>\n<p><span style=\"color: #ff0000;\"><strong>14.00 \u2013 14.30<\/strong><\/span><\/p>\n<p><a title=\"Abstracts\" href=\"http:\/\/www.scholze-simmel.at\/starbus\/ws8\/?page_id=68#ibm\"><strong>IBM and Eastern Europe<\/strong><\/a>\u00a0 &#8211; <a href=\"http:\/\/www.scholze-simmel.at\/starbus\/ws8\/wp-content\/uploads\/2014\/02\/IBM_Central_and_Eastern_Europe_Paju.pdf\">Slides<\/a><br \/>\n<em>Petri Paju<\/em><\/p>\n<p><span style=\"color: #ff0000;\"><strong>14. 30 \u2013 16.00<\/strong><\/span><\/p>\n<p><span style=\"text-decoration: underline;\">Bulgaria:<\/span> <a title=\"Abstracts\" href=\"http:\/\/www.scholze-simmel.at\/starbus\/ws8\/?page_id=68#bulgaria\"><strong>History of Computing in Bulgaria<\/strong><\/a> &#8211; <a href=\"http:\/\/www.scholze-simmel.at\/starbus\/ws8\/wp-content\/uploads\/2014\/02\/History_of_Bulgarian_Computer_Industry.pdf\">Slides<\/a><br \/>\n<em>Kiril Boyanov<\/em><\/p>\n<p><span style=\"text-decoration: underline;\">Italy:<\/span> <a title=\"Abstracts\" href=\"http:\/\/www.scholze-simmel.at\/starbus\/ws8\/?page_id=68#italy\"><strong>The Early Approach to the Computer Era<\/strong><\/a>\u00a0 &#8211; <a href=\"http:\/\/www.scholze-simmel.at\/starbus\/ws8\/wp-content\/uploads\/2014\/02\/SLIDES_pidief.pdf\">Slides<\/a><br \/>\n<em>Corrado Bonfanti<\/em><\/p>\n<p>Czechoslovakia: <a title=\"Abstracts\" href=\"http:\/\/www.scholze-simmel.at\/starbus\/ws8\/?page_id=68#czechoslovakia\"><strong>History of Computing in the Czech and Slovak Republics<\/strong><\/a><br \/>\n<em>Alena Solcova<\/em><\/p>\n<p><span style=\"color: #ff0000;\"><em>Coffee break<\/em><\/span><\/p>\n<p><span style=\"color: #ff0000;\"><strong>16.30 \u2013 18.30<\/strong><\/span><\/p>\n<p><span style=\"text-decoration: underline;\">Poland:<\/span>\u00a0<strong>History of Early Computing in Poland <\/strong>&#8211; <a href=\"http:\/\/www.scholze-simmel.at\/starbus\/ws8\/wp-content\/uploads\/2014\/02\/Early_computing_in_Poland.pdf\">Slides<\/a><br \/>\n<em>Marek Ho\u0142y\u0144ski<\/em><\/p>\n<p><span style=\"text-decoration: underline;\">Romania:<\/span> <a title=\"Abstracts\" href=\"http:\/\/www.scholze-simmel.at\/starbus\/ws8\/?page_id=68#romania\"><strong>History of Computing in Romania<\/strong><\/a> &#8211; <a href=\"http:\/\/www.scholze-simmel.at\/starbus\/ws8\/wp-content\/uploads\/2014\/02\/Romania_History_of_Computing.pdf\">Slides<\/a><br \/>\n<em>Vasile Baltac, Horia Gligor<\/em><\/p>\n<p><span style=\"text-decoration: underline;\">Albania:<\/span> <a title=\"Abstracts\" href=\"http:\/\/www.scholze-simmel.at\/starbus\/ws8\/?page_id=68#albania\"><strong>40 Years of Computers<\/strong><\/a> &#8211; <a href=\"http:\/\/www.scholze-simmel.at\/starbus\/ws8\/wp-content\/uploads\/2014\/02\/itstar-ws8-history-full-v2.pdf\">Slides<\/a><br \/>\n<em>G.Beqiraj, J.Kacani, N.Frasheri<\/em><\/p>\n<p><span style=\"text-decoration: underline;\">Hungary:<\/span> <a title=\"Abstracts\" href=\"http:\/\/www.scholze-simmel.at\/starbus\/ws8\/?page_id=68#hungary\"><strong>Computing in Hungary \u2013 Through the History of Five Institutions<\/strong><\/a> &#8211; <a href=\"http:\/\/www.scholze-simmel.at\/starbus\/ws8\/wp-content\/uploads\/2014\/02\/Computing_in_Hungary.pdf\">Slides<\/a><br \/>\n<em>Balint Domolki<\/em><\/p>\n<p><strong><span style=\"color: #ff0000;\">18.30<\/span> <\/strong><\/p>\n<p><strong>Conference Wrap-up<\/strong><\/p>\n","protected":false},"excerpt":{"rendered":"<p>PROGRAM (Printable version) 09.00 Welcome on behalf of John v. Neumann Computer Society Istvan Alfoldi, Managing Director Welcome on behalf of the National Council for Telecommunication and Informatics Albert Biro, Chairman of the Advisory Board\u00a0 Opening and Setting the Scene Plamen Nedkov, Conference Moderator Keynote: 60s and Early 70s \u2013 Eastern European Cooperation in Computing [&hellip;]<\/p>\n","protected":false},"author":1,"featured_media":0,"parent":0,"menu_order":5,"comment_status":"closed","ping_status":"open","template":"","meta":{"footnotes":""},"_links":{"self":[{"href":"http:\/\/www.scholze-simmel.at\/starbus\/ws8\/index.php?rest_route=\/wp\/v2\/pages\/35"}],"collection":[{"href":"http:\/\/www.scholze-simmel.at\/starbus\/ws8\/index.php?rest_route=\/wp\/v2\/pages"}],"about":[{"href":"http:\/\/www.scholze-simmel.at\/starbus\/ws8\/index.php?rest_route=\/wp\/v2\/types\/page"}],"author":[{"embeddable":true,"href":"http:\/\/www.scholze-simmel.at\/starbus\/ws8\/index.php?rest_route=\/wp\/v2\/users\/1"}],"replies":[{"embeddable":true,"href":"http:\/\/www.scholze-simmel.at\/starbus\/ws8\/index.php?rest_route=%2Fwp%2Fv2%2Fcomments&post=35"}],"version-history":[{"count":30,"href":"http:\/\/www.scholze-simmel.at\/starbus\/ws8\/index.php?rest_route=\/wp\/v2\/pages\/35\/revisions"}],"predecessor-version":[{"id":124,"href":"http:\/\/www.scholze-simmel.at\/starbus\/ws8\/index.php?rest_route=\/wp\/v2\/pages\/35\/revisions\/124"}],"wp:attachment":[{"href":"http:\/\/www.scholze-simmel.at\/starbus\/ws8\/index.php?rest_route=%2Fwp%2Fv2%2Fmedia&parent=35"}],"curies":[{"name":"wp","href":"https:\/\/api.w.org\/{rel}","templated":true}]}}